Last updated on 2024-05-21 17:49:53 CEST.
Flavor | Version | Tinstall | Tcheck | Ttotal | Status | Flags |
---|---|---|---|---|---|---|
r-devel-linux-x86_64-debian-clang | 2.1.1 | 59.95 | 261.27 | 321.22 | NOTE | |
r-devel-linux-x86_64-debian-gcc | 2.1.1 | 32.33 | 179.53 | 211.86 | NOTE | |
r-devel-linux-x86_64-fedora-clang | 2.1.1 | 382.17 | NOTE | |||
r-devel-linux-x86_64-fedora-gcc | 2.1.1 | 372.64 | NOTE | |||
r-devel-windows-x86_64 | 2.1.1 | 43.00 | 216.00 | 259.00 | NOTE | |
r-patched-linux-x86_64 | 2.1.1 | 56.98 | 233.90 | 290.88 | NOTE | |
r-release-linux-x86_64 | 2.1.1 | 45.36 | 237.27 | 282.63 | NOTE | |
r-release-macos-arm64 | 2.1.1 | 98.00 | NOTE | |||
r-release-windows-x86_64 | 2.1.1 | 40.00 | 209.00 | 249.00 | NOTE | |
r-oldrel-macos-arm64 | 2.1.1 | 104.00 | OK | |||
r-oldrel-macos-x86_64 | 2.1.1 | 203.00 | OK | |||
r-oldrel-windows-x86_64 | 2.1.1 | 52.00 | 265.00 | 317.00 | OK |
Version: 2.1.1
Check: Rd files
Result: NOTE
checkRd: (-1) CLV.Rd:51: Lost braces in \itemize; \value handles \item{}{} directly
checkRd: (-1) CLV.Rd:52: Lost braces in \itemize; \value handles \item{}{} directly
checkRd: (-1) CLV.Rd:53: Lost braces in \itemize; \value handles \item{}{} directly
checkRd: (-1) CLV.Rd:54: Lost braces in \itemize; \value handles \item{}{} directly
checkRd: (-1) CLV.Rd:55-56: Lost braces in \itemize; \value handles \item{}{} directly
checkRd: (-1) CLV.Rd:57: Lost braces in \itemize; \value handles \item{}{} directly
checkRd: (-1) CLV.Rd:58: Lost braces in \itemize; \value handles \item{}{} directly
checkRd: (-1) CLV.Rd:59-60: Lost braces in \itemize; \value handles \item{}{} directly
checkRd: (-1) CLV.Rd:65: Lost braces in \itemize; \value handles \item{}{} directly
checkRd: (-1) CLV.Rd:66: Lost braces in \itemize; \value handles \item{}{} directly
checkRd: (-1) CLV.Rd:67: Lost braces in \itemize; \value handles \item{}{} directly
checkRd: (-1) CLV3W.Rd:36: Lost braces in \itemize; \value handles \item{}{} directly
checkRd: (-1) CLV3W.Rd:37: Lost braces in \itemize; \value handles \item{}{} directly
checkRd: (-1) CLV3W.Rd:38: Lost braces in \itemize; \value handles \item{}{} directly
checkRd: (-1) CLV3W.Rd:39: Lost braces in \itemize; \value handles \item{}{} directly
checkRd: (-1) CLV3W.Rd:40: Lost braces in \itemize; \value handles \item{}{} directly
checkRd: (-1) CLV3W.Rd:41: Lost braces in \itemize; \value handles \item{}{} directly
checkRd: (-1) CLV3W.Rd:42: Lost braces in \itemize; \value handles \item{}{} directly
checkRd: (-1) CLV3W.Rd:43-44: Lost braces in \itemize; \value handles \item{}{} directly
checkRd: (-1) CLV3W.Rd:51: Lost braces in \itemize; \value handles \item{}{} directly
checkRd: (-1) CLV3W.Rd:52: Lost braces in \itemize; \value handles \item{}{} directly
checkRd: (-1) CLV3W.Rd:53: Lost braces in \itemize; \value handles \item{}{} directly
checkRd: (-1) CLV3W.Rd:54: Lost braces in \itemize; \value handles \item{}{} directly
checkRd: (-1) CLV3W.Rd:55: Lost braces in \itemize; \value handles \item{}{} directly
checkRd: (-1) CLV3W.Rd:60: Lost braces in \itemize; \value handles \item{}{} directly
checkRd: (-1) CLV3W.Rd:61: Lost braces in \itemize; \value handles \item{}{} directly
checkRd: (-1) CLV3W_kmeans.Rd:31: Lost braces in \itemize; \value handles \item{}{} directly
checkRd: (-1) CLV3W_kmeans.Rd:32: Lost braces in \itemize; \value handles \item{}{} directly
checkRd: (-1) CLV3W_kmeans.Rd:33: Lost braces in \itemize; \value handles \item{}{} directly
checkRd: (-1) CLV3W_kmeans.Rd:34: Lost braces in \itemize; \value handles \item{}{} directly
checkRd: (-1) CLV3W_kmeans.Rd:35: Lost braces in \itemize; \value handles \item{}{} directly
checkRd: (-1) CLV3W_kmeans.Rd:36: Lost braces in \itemize; \value handles \item{}{} directly
checkRd: (-1) CLV3W_kmeans.Rd:41: Lost braces in \itemize; \value handles \item{}{} directly
checkRd: (-1) LCLV.Rd:32: Lost braces in \itemize; \value handles \item{}{} directly
checkRd: (-1) LCLV.Rd:33: Lost braces in \itemize; \value handles \item{}{} directly
checkRd: (-1) LCLV.Rd:34: Lost braces in \itemize; \value handles \item{}{} directly
checkRd: (-1) LCLV.Rd:35: Lost braces in \itemize; \value handles \item{}{} directly
checkRd: (-1) LCLV.Rd:36: Lost braces in \itemize; \value handles \item{}{} directly
checkRd: (-1) LCLV.Rd:37: Lost braces in \itemize; \value handles \item{}{} directly
checkRd: (-1) LCLV.Rd:38: Lost braces in \itemize; \value handles \item{}{} directly
checkRd: (-1) LCLV.Rd:39-40: Lost braces in \itemize; \value handles \item{}{} directly
checkRd: (-1) LCLV.Rd:45: Lost braces in \itemize; \value handles \item{}{} directly
checkRd: (-1) LCLV.Rd:46: Lost braces in \itemize; \value handles \item{}{} directly
checkRd: (-1) LCLV.Rd:47: Lost braces in \itemize; \value handles \item{}{} directly
checkRd: (-1) LCLV.Rd:48: Lost braces in \itemize; \value handles \item{}{} directly
checkRd: (-1) LCLV.Rd:49: Lost braces in \itemize; \value handles \item{}{} directly
Flavors: r-devel-linux-x86_64-debian-clang, r-devel-linux-x86_64-debian-gcc, r-devel-linux-x86_64-fedora-clang, r-devel-linux-x86_64-fedora-gcc, r-devel-windows-x86_64, r-patched-linux-x86_64, r-release-linux-x86_64, r-release-macos-arm64, r-release-windows-x86_64